 8 and c?
8
Suppose -2*u = 3 + 7, -u = -2*l + 37. Let x be 34*(84/10 - l/40). What is the greatest common factor of 34 and x?
34
Suppose 188*b = 5*y + 187*b - 399, -5*y = 3*b - 423. Let v be (-1)/(-1*2/270). What is the greatest common factor of v and y?
27
Suppose -5*k - 37 = -7. Let g = 19 + k. What is the highest common factor of g and 39?
13
Let c(q) = q**2 + 5*q - 14. Let r be c(-7). Suppose r = 3*w - 177 + 42. What is the highest common factor of w and 15?
15
Let a be 83 - 2*(6/12 - -1). Let q be (-6 - -3)*10/(-3). Calculate the greatest common divisor of q and a.
10
Suppose -5*i = -56 - 139. Suppose 2*f - i = f. Suppose 3*q - 4*s = 65 - 10, -3*q - 4*s + 23 = 0. Calculate the highest common divisor of f and q.
13
Let u be (-1)/3 + (-220)/33. Let m be ((-15)/(-35))/(2/u)*-20. Calculate the greatest common factor of m and 12.
6
Suppose -4*y + 239 = p - 338, 0 = 2*p - 10. Let j be (-5 - -22) + -5 + 1. Calculate the highest common factor of j and y.
13
Let c(o) = o + 2. Suppose 0*x - 200 = -10*x. Let z be c(x). Calculate the highest common factor of z and 110.
22
Suppose r + 59*g - 60*g - 185 = 0, -g = 4*r - 750. What is the greatest common factor of 153 and r?
17
Suppose -5*j + 4*w = -1879 - 575, w - 1959 = -4*j. What is the highest common divisor of 49 and j?
49
Let m = -26 + 31. Suppose -m = -o, 5*t + 4*o + o = 140. Calculate the highest common factor of 184 and t.
23
Let d(j) = 3*j**2 - 17*j + 7. Let u be d(7). Suppose -u*q = -32*q - 24. What is the greatest common divisor of 72 and q?
8
Let u be 2/7 - 25272/(-728). What is the greatest common divisor of u and 91?
7
Suppose -4*i + 32 = 2*w, -26 = -5*i - 6. Calculate the highest common factor of w and 216.
8
Let q = -85 - -59. Suppose -13 = 4*s + 179. Let b = q - s. What is the highest common factor of b and 110?
22
Let s(v) = v**3 + 10*v**2 + 10*v + 12. Let o be s(-9). Suppose -o*r + 5*r - 4*n - 446 = 0, -n = r - 211. Calculate the greatest common divisor of 86 and r.
43
Let s(v) = -7*v - 53. Let u be s(0). Let k = u - -92. Calculate the greatest common factor of k and 117.
39
Suppose 1 + 11 = 3*a. Suppose -2*f + 5*h + 29 = 0, f + 56 = 4*f - 5*h. Suppose 8*c = 123 - f. What is the highest common factor of a and c?
4
Let k be 140 + 4 + -8 + (-12 - -12). Calculate the greatest common divisor of 34 and k.
34
Suppose 13*z - 89*z + 19836 = 0. What is the highest common factor of 18 and z?
9
Let m(k) = k**3 + 7*k**2 - 9*k - 4. Let s be m(-6). Let u be (9 - 19)/((-4)/s). Let z = u + 60. What is the highest common divisor of 25 and z?
25
Suppose -4*o + 16 = 0, 5*w - 2*o + 4 = -4. Suppose 22 = 2*p + 2*t, w = -2*p + 4*t + 9 + 19. What is the greatest common divisor of p and 84?
12
Let x = 5236 - 5218. Suppose 3*r = -0*r + 270. Calculate the greatest common divisor of x and r.
18
Let s(u) = u**3 + u**2 + u + 5. Let c be s(0). Let n be 6/4 + (-158)/4. Let l = n + 78. What is the highest common divisor of c and l?
5
Let h be (23 - 0) + -3 - 1. Let s = 21 - h. Suppose -42 = -s*j - 0*j. Calculate the highest common divisor of 14 and j.
7
Let r = 173 + -103. Suppose -13*a = -60 - 122. Calculate the greatest common factor of r and a.
14
Suppose 2*n - 1 - 5 = 0. Let x(t) = t**3 - 7*t**2 + 3*t - 20. Let z be x(7). Calculate the greatest common factor of z and n.
1
Let s(w) be the second derivative of w**5/10 - w**4/3 + w**3/3 + w. Let j be s(2). Let c = 387 - 383. Calculate the greatest common divisor of c and j.
4
Suppose -18*b - 202 + 724 = 0. What is the greatest common divisor of b and 725?
29
Suppose -7*f = 2*h - 2*f - 500, -f + 2 = 0. Suppose -v + 6*v = h. Calculate the greatest common divisor of v and 7.
7
Suppose -8*n - 4 = -9*n. Suppose -n*c - 155 = -5*c. Calculate the highest common divisor of c and 62.
31
Let k = 192 + -93. Suppose 18*h - 345 = -147. What is the greatest common divisor of h and k?
11
Let d = 1527 + -771. What is the highest common divisor of d and 27?
27
Suppose 0 = 2*w + 2 - 26. Suppose 952*g + 8 = 954*g. What is the highest common divisor of w and g?
4
Let z = -67 - -76. Calculate the highest common divisor of 72 and z.
9
Let v be ((-1207986)/16)/(-39) - 2/(-16). What is the highest common factor of 121 and v?
121
Let t = 94 + -3. What is the greatest common divisor of t and 7?
7
Let t = 2655 + 695. Calculate the greatest common factor of 50 and t.
50
Suppose 4*k - 9*k = -70. Suppose k*j - 3*j - 297 = 0. Calculate the greatest common factor of 243 and j.
27
Let a = 651 + -643. Calculate the highest common divisor of 12 and a.
4
Let n be 32/80 + (-173)/(-5) + 1. Let d = 112 + -104. What is the greatest common divisor of d and n?
4
Let z(x) = -x**3 - 7*x**2 - 2*x - 7. Let q be z(-7). Calculate the greatest common factor of q and 210.
7
Suppose 7359 = 12*d + 2115. What is the greatest common divisor of d and 69?
23
Suppose 42 = 4*w - 2*j, 17 = 2*w - 17*j + 20*j. What is the greatest common divisor of w and 27?
1
Suppose 56 = 4*r - m, -m - 53 = 2*r - 75. Calculate the greatest common divisor of 1053 and r.
13
Let l = 591 - 419. Suppose 3*z = 3*f + 285 + 267, -z + l = 5*f. What is the greatest common factor of z and 26?
26
Let m(w) = -w**2 + 5*w + 14. Let f be m(6). Let d be 1*4/(-2) - 90/(-9). Calculate the greatest common divisor of f and d.
8
Let n(s) = 689*s - 62. Let h be n(2). Calculate the greatest common factor of h and 28.
28
Suppose -33*i + 5*i + 26796 = 0. What is the highest common factor of i and 33?
33
Let j be 11/1 + (-3)/(-1). Let a = 11 + -12. Let f(b) = 15*b**2 + b. Let r be f(a). Calculate the highest common divisor of r and j.
14
Suppose 0 = 10*w - 15*w + 190. Suppose m - 58 = 3*p, -2*m - 54 + 173 = -3*p. Let s = m - 42. Calculate the greatest common factor of s and w.
19
Suppose -7*w = -3*w - 244. Suppose -2*y + w = -69. What is the highest common factor of y and 13?
13
Let v = 61 + -47. Suppose 0*g - 4*g + 2*m + 52 = 0, 5*m = -2*g + v. What is the greatest common factor of g and 24?
12
Let j(h) = 7*h**2 - 1. Let m be j(1). Suppose z = m*z - 5. Suppose -q - 20 = -5*q. Calculate the highest common divisor of q and z.
1
Suppose -339 = -2*q + 5*b - 24, 3*q - 2*b = 467. Calculate the highest common factor of q and 62.
31
Let l(k) = k**2 - 5*k + 2. Let x be 1*9/(-12)*-4. Suppose 45 = x*s + 2*s - 5*j, 2 = -j. Let z be l(s). Calculate the greatest common factor of 40 and z.
8
Let w = -4 + 6. Let m(c) = 2*c**2 - c + 162. Let r be m(0). Suppose -f - w*f = -r. What is the greatest common divisor of f and 6?
6
Let q(t) = 45*t**2 - 5*t + 57. Let v be q(5). Calculate the highest common divisor of v and 13.
13
Suppose 0*i = 3*o - 2*i - 1080, 5*o - 2*i - 1800 = 0. Suppose a = 4*a - o. Calculate the highest common divisor of 24 and a.
24
Let k be 10/25*(-4 - -404). Calculate the greatest common divisor of k and 64.
32
Let d(f) = f**3 - 35*f**2 + 10*f + 20. Let t be d(35). Calculate the greatest common divisor of 10 and t.
10
Let z = -578 - -629. Calculate the highest common factor of 187 and z.
17
Let v = 26 + -15. Let g = v - 8. Let q = -9 + 15. What is the highest common divisor of g and q?
3
Suppose -440 = -z - 4*z. Let b be 4 + -2*22/(-4). Suppose g + 4 = b. Calculate the highest common factor of g and z.
11
Let v(r) = -r**2 - 14*r + 18. Let q be v(-14). Let u be ((-22)/(-33))/(2/q). Calculate the greatest common factor of u and 9.
3
Let y be (24 + 0 - 0)*(-65)/(-26). What is the highest common divisor of y and 810?
30
Suppose -2*c = -c - 18. Suppose -2*y + 4 = 2*o - 6, 4*y - 11 = -o. Let w be 13 + (-3)/(o/4). Calculate the greatest common factor of w and c.
9
Let c be (-3 - 21)/(6*1/(-4)). Let s be (-1122)/(-7) - (-6)/(-21). Calculate the highest common factor of c and s.
16
Let x = -240 - -396. Let j be x/(-8) + 12/8. Let q be ((-4)/(-3))/((-3)/j). What is the greatest common factor of 4 and q?
4
Let p(z) = 9*z**2 + 41*z + 102. Let i be p(-7). Calculate the greatest common divisor of 448 and i.
64
Let m = -266 - -533. What is the greatest common divisor of m and 445?
89
Suppose -3*n - 56 = -5*n + 5*g, -3*n = g - 84. Calculate the greatest common factor of 84 and n.
28
Let p = -195 - -171. Let r = p - -51. What is the highest common divisor of r and 216?
27
Let v = -120 + 62. Let c = v - -88. What is the greatest common divisor of 20 and c?
10
Let j = 23 - 18. Let z 